alculate the remainder when 1089 is divided by 151.
32
What is the remainder when 1040 is divided by 514?
12
What is the remainder when 26 is divided by 8?
2
What is the remainder when 678 is divided by 36?
30
Calculate the remainder when 872 is divided by 72.
8
Calculate the remainder when 1364 is divided by 91.
90
What is the remainder when 12943 is divided by 52?
47
Calculate the remainder when 128 is divided by 65.
63
What is the remainder when 206 is divided by 191?
15
Calculate the remainder when 5181 is divided by 12.
9
Calculate the remainder when 584 is divided by 28.
24
Calculate the remainder when 1005 is divided by 256.
237
What is the remainder when 460 is divided by 26?
18
What is the remainder when 123 is divided by 28?
11
What is the remainder when 305 is divided by 78?
71
Calculate the remainder when 3807 is divided by 949.
11
Calculate the remainder when 701 is divided by 93.
50
What is the remainder when 19599 is divided by 175?
174
Calculate the remainder when 467 is divided by 39.
38
What is the remainder when 902 is divided by 85?
52
Calculate the remainder when 1389 is divided by 343.
17
Calculate the remainder when 1176 is divided by 107.
106
Calculate the remainder when 3262 is divided by 13.
12
What is the remainder when 33 is divided by 22?
11
Calculate the remainder when 618 is divided by 31.
29
What is the remainder when 388 is divided by 207?
181
What is the remainder when 203 is divided by 2?
1
What is the remainder when 32741 is divided by 102?
101
Calculate the remainder when 265 is divided by 4.
1
What is the remainder when 763 is divided by 228?
79
Calculate the remainder when 863 is divided by 21.
2
What is the remainder when 64 is divided by 24?
16
Calculate the remainder when 1338 is divided by 103.
102
What is the remainder when 1698 is divided by 169?
8
What is the remainder when 300 is divided by 104?
92
What is the remainder when 158 is divided by 16?
14
Calculate the remainder when 180 is divided by 23.
19
Calculate the remainder when 69 is divided by 10.
9
Calculate the remainder when 1097 is divided by 9.
8
What is the remainder when 224 is divided by 57?
53
Calculate the remainder when 175 is divided by 60.
55
What is the remainder when 161 is divided by 19?
9
What is the remainder when 261 is divided by 62?
13
What is the remainder when 73 is divided by 46?
27
What is the remainder when 544 is divided by 435?
109
Calculate the remainder when 492 is divided by 237.
18
Calculate the remainder when 9772 is divided by 6.
4
Calculate the remainder when 36 is divided by 3.
0
Calculate the remainder when 1181 is divided by 30.
11
What is the remainder when 74 is divided by 22?
8
Calculate the remainder when 1214 is divided by 38.
36
What is the remainder when 146 is divided by 25?
21
What is the remainder when 4725 is divided by 8?
5
Calculate the remainder when 163 is divided by 83.
80
What is the remainder when 822 is divided by 144?
102
Calculate the remainder when 249 is divided by 24.
9
What is the remainder when 359 is divided by 107?
38
Calculate the remainder when 1377 is divided by 329.
61
Calculate the remainder when 245 is divided by 224.
21
Calculate the remainder when 39 is divided by 11.
6
Calculate the remainder when 344 is divided by 163.
18
What is the remainder when 70 is divided by 28?
14
Calculate the remainder when 34 is divided by 28.
6
What is the remainder when 1518 is divided by 1502?
16
What is the remainder when 868 is divided by 38?
32
What is the remainder when 43 is divided by 10?
3
What is the remainder when 4 is divided by 2?
0
Calculate the remainder when 53 is divided by 16.
5
Calculate the remainder when 308 is divided by 37.
12
What is the remainder when 249 is divided by 143?
106
What is the remainder when 1563 is divided by 34?
33
Calculate the remainder when 303 is divided by 48.
15
Calculate the remainder when 487 is divided by 70.
67
Calculate the remainder when 25 is divided by 6.
1
What is the remainder when 875 is divided by 12?
11
What is the remainder when 1238 is divided by 30?
8
What is the remainder when 5585 is divided by 14?
13
What is the remainder when 423 is divided by 4?
3
What is the remainder when 80 is divided by 20?
0
Calculate the remainder when 8631 is divided by 97.
95
What is the remainder when 45 is divided by 13?
6
Calculate the remainder when 11150 is divided by 136.
134
Calculate the remainder when 5026 is divided by 28.
14
Calculate the remainder when 7123 is divided by 52.
51
What is the remainder when 3698 is divided by 3686?
12
What is the remainder when 6864 is divided by 34?
30
Calculate the remainder when 1196 is divided by 209.
151
Calculate the remainder when 1072 is divided by 167.
70
Calculate the remainder when 125 is divided by 58.
9
Calculate the remainder when 112 is divided by 19.
17
Calculate the remainder when 114 is divided by 15.
9
What is the remainder when 42 is divided by 28?
14
What is the remainder when 96 is divided by 35?
26
Calculate the remainder when 167 is divided by 31.
12
Calculate the remainder when 652 is divided by 82.
78
What is the remainder when 1955 is divided by 18?
11
Calculate the remainder when 4868 is divided by 168.
164
What is the remainder when 183 is divided by 6?
3
What is the remainder when 2667 is divided by 30?
27
Calculate the remainder when 157 is divided by 3.
1
Calculate the remainder when 1711 is divided by 567.
10
Calculate the remainder when 146 is divided by 34.
10
Calculate the remainder when 75 is divided by 10.
5
Calculate the remainder when 1031 is divided by 27.
5
What is the remainder when 1419 is divided by 142?
141
What is the remainder when 171 is divided by 45?
36
Calculate the remainder when 1011 is divided by 1000.
11
What is the remainder when 981 is divided by 308?
57
What is the remainder when 249 is divided by 64?
57
What is the remainder when 23 is divided by 8?
7
Calculate the remainder when 1185 is divided by 1170.
15
Calculate the remainder when 1466 is divided by 729.
8
What is the remainder when 234 is divided by 53?
22
Calculate the remainder when 178 is divided by 60.
58
Calculate the remainder when 298 is divided by 13.
12
Calculate the remainder when 290 is divided by 92.
14
Calculate the remainder when 98 is divided by 39.
20
Calculate the remainder when 155 is divided by 32.
27
Calculate the remainder when 4346 is divided by 75.
71
Calculate the remainder when 13258 is divided by 10.
8
What is the remainder when 66 is divided by 63?
3
What is the remainder when 549 is divided by 108?
9
Calculate the remainder when 252 is divided by 81.
9
Calculate the remainder when 2965 is divided by 87.
7
Calculate the remainder when 33 is divided by 10.
3
What is the remainder when 172 is divided by 8?
4
What is the remainder when 1425 is divided by 35?
25
What is the remainder when 523 is divided by 118?
51
What is the remainder when 463 is divided by 117?
112
What is the remainder when 1351 is divided by 37?
19
Calculate the remainder when 68 is divided by 5.
3
What is the remainder when 680 is divided by 139?
124
Calculate the remainder when 101 is divided by 2.
1
What is the remainder when 1180 is divided by 91?
88
Calculate the remainder when 51 is divided by 6.
3
Calculate the remainder when 335 is divided by 65.
10
What is the remainder when 170 is divided by 74?
22
What is the remainder when 682 is divided by 197?
91
Calculate the remainder when 361 is divided by 130.
101
What is the remainder when 122 is divided by 12?
2
Calculate the remainder when 111 is divided by 14.
13
Calculate the remainder when 62 is divided by 22.
18
Calculate the remainder when 22 is divided by 22.
0
Calculate the remainder when 3843 is divided by 37.
32
What is the remainder when 1112 is divided by 124?
120
Calculate the remainder when 442 is divided by 12.
10
What is the remainder when 160 is divided by 23?
22
What is the remainder when 196 is divided by 53?
37
Calculate the remainder when 403 is divided by 27.
25
Calculate the remainder when 56 is divided by 21.
14
Calculate the remainder when 771 is divided by 131.
116
What is the remainder when 858 is divided by 7?
4
What is the remainder when 6056 is divided by 2016?
8
Calculate the remainder when 326 is divided by 23.